 - (-12 - 22))).
-54
What is -33 - (-29 + 6) - (1 - (2 - -49))?
40
What is 8 + 7 - -86 - 115?
-14
Calculate (-8 - (3 + -7)) + (-8 + 1 - (-40 + 50)).
-21
Calculate 5 + (-7 - 4 - (-16 - -6)) + 18.
22
Evaluate -5 - (-82 - (-74 - -73)).
76
What is the value of 29 - (-14 - -40 - 29 - (4 + (-7 - 2)))?
27
-7 + ((6 - 57) + 72 - 18)
-4
Evaluate -6 + (0 - 4) - -7 - 30 - (-4 + 0).
-29
Evaluate 2 - 7 - (-75 - (-18 + (1 - (-16 - -8)))).
61
0 - (0 - -25) - (205 + -151 - 66)
-13
(0 - 40) + (-15 - (3 + 10 + -42))
-26
(45 - 0) + (60 - 87)
18
Calculate 61 + (3 - 1) + -3 - (-71 - (-8 - 53)).
70
What is -69 + (23 - 87) + 81?
-52
Calculate -41 + 14 + -64 + (33 - 7).
-65
What is the value of (-55 - -80) + (-10 - -2) - (11 - 25)?
31
Calculate 6 + (35 - -1) - ((-11 - 0) + -11).
64
What is -1353 + 1369 - (0 - (-1 - 8))?
7
What is the value of -6 - ((17 - 11) + (-30 - -5))?
13
What is (-31 - (-8 + 25)) + 56?
8
Calculate 2493 + -2492 + 1 + 30.
32
What is the value of 58 + -47 - 73 - -41?
-21
Calculate 777 + -780 + (-63 - 1).
-67
16 - (24 + -173 + 80)
85
Evaluate -7 - (-17 + (17 - -3)) - (3 - 2 - 1).
-10
Evaluate -47 + 22 - 15 - (1 + 88).
-129
What is the value of -19 + -35 - (89 - 132)?
-11
What is the value of (-59 - -5 - -55) + 39?
40
What is -131 - (-181 - -38) - -82?
94
What is the value of 0 + 16 - 5 - 28 - 32?
-49
-29 + -5 - (-8 - -11 - -85)
-122
What is the value of 26 + (49 - 30) - 47?
-2
(20 - (17 - 59)) + -8 + -17
37
Evaluate 77 + (-73 - -102) - 67.
39
-1 + 35 - (-3030 - -3071)
-7
What is the value of -72 + 90 + (12 - 8) + -113 - 16?
-107
Calculate (-2 - -1) + -3 + (-1 - (-18 - -14)) + -5.
-6
Calculate 1959 - 2003 - (-5 - -110).
-149
(108 - (31 - -30)) + 46 + 25
118
What is the value of 271 - 267 - (1 + 34)?
-31
Evaluate (-27 - -34) + -30 - -46.
23
Calculate (-6 + 19 - 32) + 12 + -4 + 6.
-5
Evaluate (1 - -52) + 12 + 26 + -56.
35
What is the value of 128 + (-58 - (-16 - -38))?
48
What is 14 + -145 + -29 + 83?
-77
Calculate (-22 - -126) + -86 + -1 + -19.
-2
Evaluate 30 - (98 - (19 + -20 + 23)).
-46
What is the value of (1 - -6 - (69 - 54)) + -8?
-16
What is (8 - 27) + (32 + -17 + 0 - -40)?
36
What is 11 - (16 - 27) - ((6 - -2) + -1 + -10)?
25
1 + 0 - (-11 + -1) - (-1887 - -1897)
3
Evaluate 53 - (20 - -85 - 42).
-10
What is the value of 2 + -11 - (41 + (13 + -5 - 6) + 8)?
-60
12 + 39 + -75 + 24
0
What is the value of (26 + 7 - 4 - 19) + -6?
4
Evaluate (38 - -24) + -58 + -65.
-61
Evaluate (-27 - 0 - -5) + 6 - (40 - 47) - -11.
2
Calculate 1 - (-6 + -10) - -5 - 5.
17
What is the value of -3631 + 3559 - (1 + -1 + 1 - 3)?
-70
What is the value of (145 - 78) + 0 - 59?
8
Evaluate -17 + (11 - -5 - 9) - (37 + -20 - -36).
-63
23 + 3 - ((-69 - 7) + 62)
40
Calculate -29 - -3 - -47 - -15 - (-16 + -3).
55
4 - (-17 + 0 + -4 + -11 - (-2 + 0))
34
(-2 + -12 + 1 - -6 - 21) + (3 - 0)
-25
Evaluate 73 + -82 - (-7 + 3 - -2 - (78 - -2)).
73
Evaluate 4 + 32 - (17 + 5 + -14).
28
Evaluate 3 + -3 - (23 - (13 + 1 + 6) - 2).
-1
What is (0 - -17 - 15) + (25 - -17)?
44
Evaluate -40 - -3 - (1125 - 1151).
-11
Evaluate 8 - (37 + 15) - -44.
0
Calculate (-8 - ((20 - 1) + (184 - 207))) + (14 - 1).
9
Evaluate 14 + (4 - (-4 - 3)) + -17 - 66.
-58
What is -95 + (27 - -22 - 33)?
-79
(1 - 0) + 6 + (-22 + 52 - (5 - 1))
33
What is the value of -39 + 0 - (-108 + 12 - -127)?
-70
Calculate -60 + (-5 - (-23 + 13 + -5 + 2)).
-52
35 - (-47 - -46 - (4 + 2 + 6 + -2))
46
What is 10 - 26 - (-6 - (13 + -11 + -28))?
-36
Evaluate -7 - (41 + -1 - (9 + -2 - 1)).
-41
What is -4 + -111 + (-3 - (-6 + 1)) + (101 - 101)?
-113
Calculate (-47 - (-4 - 5)) + (-16 - -8) + -3.
-49
Evaluate 18 + (28 - 103) - -84.
27
237 + -231 - (4 + -8 + 4 + 71 + 0)
-65
55 - 12 - 26 - (-5 + 7 - 55)
70
Evaluate 1 - (53 - 64) - -117.
129
Evaluate -6 + 5 + 1 + -2 + -10 - (218 - 130).
-100
Calculate 0 + -50 + (-708 + 697 - (-33 + 1)) + -21.
-50
59 - 87 - (222 + -152)
-98
Evaluate (-2 - (1 + -5)) + (17 + -20 - -8) + 1.
8
What is (13 - (-20 - -15) - (2 + 7)) + -59?
-50
What is -1 + 14 - -5 - (-28 + 17 - -34)?
-5
3 - (9 + (-24 - -13) - -9) - 26
-30
What is the value of 54 - 1 - (11 + (16 - (9 + (3 - -11))))?
49
What is the value of 3 + 0 - (143 + -36 + -180)?
76
39 + -89 + 102 + (2 - (10 - 0))
44
What is (0 - (21 - 2)) + (11 - 13) - (-12 - -5)?
-14
Calculate (-9 - (28 + -24)) + 16 + (-6 - -1).
-2
What is (6 - 19) + (0 - -3) - -29?
19
8 + -11 + 5 + 0 + -8 + 12
6
Evaluate -8 + ((-1 - 1) + 6 - -4) + 4.
4
Evaluate (122 - 135) + -111 - -237.
113
0 + -4 + 10 - 62 - (17 + 9 + -37)
-45
What is (2 - -19) + -108 + 30 + 84?
27
Calculate (-4 - -1 - -6 - 4) + -20 + -2 + 63.
40
Calculate (-14 - (-19 + 7 + 11) - -13) + 2 + -2.
0
What is 86 + (-72 - (38 + -44))?
20
What is -1 + -4 + -21 + 57 + -29?
2
What is the value of (-4 + (9 - (-5 - (-11 + 7))) - -3) + -10?
-1
What is the value of -168 + 418 + -257 + (-1 - -1) + -13?
-20
What is the value of 1 + (-3 - -88) + (-613 - -599)?
72
What is the value of 229 - (258 - 56) - (-1 + -80)?
108
87 + (-25 - -52) + -203
-89
21 + 47 + -76 + 4 + (-1 - (7 + 0))
-12
Evaluate -2 - (24 + -11 - -21).
-36
Evaluate -26 + 4 + (0 - (14 + -14)).
-22
(131 - -1) + (-9109 - -8867)
-110
Evaluate -8 + (-4 + 1 - 0) - (50 + -138 + 30).
47
Evaluate 68 + 0 - (137 + -197 + 54).
74
What is -20 - (7 + -6 + -15) - -14?
8
46 + 8 + -51 + -33
-30
-47 - ((23 + -4 - 29) + (16 - 1))
-52
Calculate 93 - ((2 - -1) + (-8 - 3) + -72 + 92).
81
What is the value of 0 + 16 + 210 + (-244 - -74)?
56
What is -1 + 0 - (0 - -11) - (27292 - 27348)?
44
Evaluate -1 + -60 + 2925 + -2876.
-12
69 + -14 + (67 - 103)
19
What is -79 - (12 + (-77 - -116))?
-130
4 + (-11 - (-4 + -4)) + 10 + 10
21
Calculate 19 - (26 - 12 - 1 - (6 + 15)).
27
What is the value of 1 + -57 + (102 - 110 - -12)?
-52
65 + -156 + 17 + 23
-51
Calculate 93 - -8 - (7 - (-4 - -7) - -10).
87
What is the value of -9 - (-5 - (-56 - -19 - -15))?
-26
What is 118 - (235 + -106) - (44 - 1)?
-54
Calculate -101 - -138 - (11 - -3).
23
What is -1 + 54 - ((0 - -15) + -43 - -38)?
43
-17 - 28 - (-184 - -64)
75
What is -276 + 267 + -24 - (-44 - -1)?
10
Evaluate -51 + (64 - (17 + 20)).
-24
Evaluate -48 + 1 - -2 - (-159 + 234 + -84).
-36
-4 - (-1 + (-3 - 9))
9
Evaluate ((-33 - -1) + 19 - (-28 + 4)) + -10 - -24.
25
9 + (-3 - -2) - ((72 - (-13 + 30)) + -12)
-35
Evaluate (1 - 84) + 0 - (-1501 + 1496).
-78
What is (-63 - (17 + -21 + -15) - 16) + 1 + 8?
-51
What is (-28 - -31 - 4) + -16?
-17
What is the value of 62 - (83 - (102 - 13))?
68
What is the value of (-97 - (-26 + 28)) + -41?
-140
-5 + 1 - (260 + -277) - 3
10
What is the value of 43 + 25 + 68 + -210 + (0 - (-1 - 0))?
-73
8 + 46 - 54 - -30
30
What is the value of (81 - 55 - -27) + 17?
70
What is the value of 20 - ((-11 - 33) + 20 + (-2 - -2))?
44
Evaluate (31 - (62 + 2)) + 40.
7
Calculate (0 - -36) + (9 - (-93 - -103)).
35
What is the value of (-134 - -59) + 154 + -91?
-12
What is 26 - -13 - 58 - (29 + 0)?
-48
Calculate (-2 - 15 - (-53 + 44) - 3) + 1.
-10
Calculate (-7 - 5) + 4 - (39 - 26 - -69).
-90
-19 + (-19 - (16 + 0)) + (-12 - (2 + -3))
-65
What is the value of (-1 - (16 - (18 + -18))) + -1?
-18
-32 + 0 + (0 + 7 - 14 - (-24 + 25))
-40
Calculate (48 - (98 + -118)) + -80.
-12
What is -6652 + 6561 - (-26 + -2)?
-63
What is -24 - (-18 + (18 - (10 - 11)))?
-25
What is the value of 53 - (52 + -10) - (67 - (1 + 0))?
-55
Calculate (-44 - -28) + -25 - (27 + -28 + 5 + -1).
-44
(-4 - -11) + -13 - (2 - (10 + -9))
-7
What is the value of 15 + 17 + -34 - -1?
-1
44 + 12 - (4 - -80)
-28
What is 67 + -17 + -44 - -21?
27
Evaluate (-21 + 29 - 13) + -75 + 5.
-75
What is 8 + 52 + 112 + -117?
55
What is 439 + -583 - (-6 + -103)?
-35
Calculate -18 + 2 + (-99 - -138) + -22 - (-2 + -90).
93
Calculate (44 - (-10 - (-2 - 14 - -10))) + -14.
34
-71 - (28 - (125 + -82))
-56
What is the value of 113 + (113 + -139 - -36)?
123
What is the value of 53 - (-1 + 1) - (191 - (-32 - -208))?
38
-55 - -70 - -15 - 87
-57
Calculate 43 - (24 + 9 + -35).
45
0 + (-6 - -3) + -44 + -1 + 41
-7
-1 + (1 - (21 - 38 - -20))
-3
What is the value of ((-22 - (-14 + -3)) + -24 - -11) + -1 + 4?
-15
What is 48 + -35 + (8 - 14) + -6?
1
Evaluate 90 - (-22 - (-21 - 3) - (11 + 11)).
110
(6 - (-12 - -19)) + -9 + 3 + 26
19
What is the value of (-31 - (-95 + 30)) + -13?
21
What is the value of (0 - (6 - (2 + -5))) + 7 + -5 - -76?
69
Wh